{"id":364,"date":"2016-04-03T16:44:05","date_gmt":"2016-04-03T15:44:05","guid":{"rendered":"http:\/\/www.19paulfort.com\/galerie\/?page_id=364"},"modified":"2016-05-16T08:31:20","modified_gmt":"2016-05-16T07:31:20","slug":"evenements-2011","status":"publish","type":"page","link":"http:\/\/www.19paulfort.com\/galerie\/index.php\/evenements-2011\/","title":{"rendered":"\u00c9v\u00e9nements 2011"},"content":{"rendered":"<p><ul class=\"lcp_catlist\" id=\"lcp_instance_0\"><li><a href=\"http:\/\/www.19paulfort.com\/galerie\/index.php\/2016\/04\/02\/exposition-terre-et-racine-avril-2011\/\">03 &#8211; 29 mars \/ 12 avril &#8211; avril Exposition &#8211; \u00ab\u00a0Terre et racine\u00a0\u00bb &#8211;<\/a><\/li><li><a href=\"http:\/\/www.19paulfort.com\/galerie\/index.php\/2016\/05\/25\/exposition-paris-new-york-avr-mai-2011\/\">04 &#8211; 01 avril \/ 31 mai &#8211; Exposition &#8211; \u00ab\u00a0Paris-New York\u00a0\u00bb &#8211;<\/a><\/li><li><a href=\"http:\/\/www.19paulfort.com\/galerie\/index.php\/2016\/05\/25\/concert-t-m-fabrice-dalis-et-damien-lehman-avr-2011\/\">04 &#8211; 04 avril &#8211; Concert &#8211; T &#038; M , Fabrice Dalis et Damien Lehman \u2022<\/a><\/li><li><a href=\"http:\/\/www.19paulfort.com\/galerie\/index.php\/2016\/05\/24\/theatre-etienne-fague-andy-et-moi-dans-le-cadre-de-lexposition-paris-new-york\/\">05 &#8211; 15 mai &#8211; Th\u00e9\u00e2tre &#8211; \u00c9tienne Fague : \u00ab\u00a0Andy et moi\u00a0\u00bb, pour l&rsquo;exposition \u00ab\u00a0Paris &#8211; New-York\u00a0\u00bb<\/a><\/li><li><a href=\"http:\/\/www.19paulfort.com\/galerie\/index.php\/2016\/05\/24\/theatre-iliade-ch-24-dominique-proust\/\">06 &#8211; 11 \/ 25 juin &#8211; Th\u00e9\u00e2tre &#8211; Iliade ch. 24, Dominique Proust &#8211;<\/a><\/li><li><a href=\"http:\/\/www.19paulfort.com\/galerie\/index.php\/2016\/05\/25\/film-ulysse-a-dublin-de-charlotte-szlovak\/\">06 &#8211; 19 juin &#8211; Audiovisuel &#8211; Film \u00ab\u00a0Ulysse \u00e0 Dublin\u00a0\u00bb de Charlotte Szlovak<\/a><\/li><li><a href=\"http:\/\/www.19paulfort.com\/galerie\/index.php\/2016\/05\/25\/concert-tm-2-kalina-georgieva-et-ivan-ludlow-baryton-juin-2011\/\">06 &#8211; 26 juin &#8211; Concert &#8211; T&#038;M (2), Kalina Georgieva et Ivan Ludlow &#8211;<\/a><\/li><li><a href=\"http:\/\/www.19paulfort.com\/galerie\/index.php\/2016\/05\/25\/exposition-galerie-en-residence-galerie-sator-juin-juil-2011\/\">06 &#8211; 29 juin \/ 12 juillet &#8211; Exposition &#8211; \u00ab\u00a0Galerie en r\u00e9sidence : Galerie Sator\u00a0\u00bb &#8211;<\/a><\/li><li><a href=\"http:\/\/www.19paulfort.com\/galerie\/index.php\/2016\/06\/01\/exposition-galerie-en-residence-galerie-sator-29-juin-12-juillet-2011\/\">06 &#8211; 29 juin \/ 12 juillet &#8211; Exposition &#8211; \u00ab\u00a0Galerie en r\u00e9sidence: Galerie Sator\u00a0\u00bb &#8211;<\/a><\/li><li><a href=\"http:\/\/www.19paulfort.com\/galerie\/index.php\/2016\/05\/25\/concert-de-jeffrey-grice-sept-2011\/\">09 &#8211; 10 \/ 11 \/ 12 septembre &#8211; Concert &#8211; Jeffrey Grice &#8211;<\/a><\/li><li><a href=\"http:\/\/www.19paulfort.com\/galerie\/index.php\/2016\/05\/25\/concert-de-saori-furukawa-en-cloture-de-lexposition-autour-du-japon-1-13-oct-2011\/\">09 &#8211; 13 septembre &#8211; Concert &#8211; Saori Furukawa,  en cl\u00f4ture de l&rsquo;exposition Autour du Japon<\/a><\/li><li><a href=\"http:\/\/www.19paulfort.com\/galerie\/index.php\/2016\/05\/25\/concert-solo-de-joelle-leandre-spet-2011\/\">09 &#8211; 25 septembre &#8211; Concert  &#8211; Jo\u00eblle L\u00e9andre, solo &#8211;<\/a><\/li><li><a href=\"http:\/\/www.19paulfort.com\/galerie\/index.php\/2016\/05\/25\/exposition-autour-du-japon-1-sept-octobre-1011\/\">09 &#8211; 29 septembre \/ 13 octobre &#8211; Exposition &#8211; \u00ab\u00a0Autour du Japon (1)\u00a0\u00bb &#8211;<\/a><\/li><li><a href=\"http:\/\/www.19paulfort.com\/galerie\/index.php\/2016\/05\/25\/projection-du-film-et-si-de-serge-lalou-suivie-dun-debat\/\">10 &#8211; 16 octobre &#8211; Audiovisuel &#8211; Film \u00ab\u00a0Et si\u00a0\u00bb de Serge Lalou, suivi d&rsquo;un d\u00e9bat<\/a><\/li><li><a href=\"http:\/\/www.19paulfort.com\/galerie\/index.php\/2016\/05\/25\/concert-du-duo-leandre-newton-nov-1011\/\">11 &#8211; 19 novembre &#8211; Concert &#8211; Duo L\u00e9andre-Newton &#8211;<\/a><\/li><\/ul><br \/>\nVous ne trouvez pas la fiche ici ? Peut-\u00eatre n&rsquo;a-t-elle pas encore \u00e9t\u00e9 transf\u00e9r\u00e9e de <a href=\"http:\/\/19paulfort.com\/index.php?option=com_content&amp;view=article&amp;id=60&amp;Itemid=160&amp;lang=fr\" target=\"_blank\">l&rsquo;ancien site<\/p>\n<p><\/a><div id=\"metaslider-id-241\" style=\"max-width: 700px; margin: 0 auto;\" class=\"ml-slider-3-108-0 metaslider metaslider-flex metaslider-241 ml-slider ms-theme-default nav-hidden\" role=\"region\" aria-label=\"Le Lieu\" data-height=\"300\" data-width=\"700\">\n    <div id=\"metaslider_container_241\">\n        <div id=\"metaslider_241\" class=\"flexslider\">\n            <ul class='slides'>\n                <li style=\"display: block; width: 100%;\" class=\"slide-31 ms-image \" aria-roledescription=\"slide\" data-date=\"2016-04-01 10:52:16\" data-filename=\"ruePaulFort16-700x300.jpg\" data-slide-type=\"image\"><img loading=\"lazy\" decoding=\"async\" src=\"http:\/\/www.19paulfort.com\/galerie\/wp-content\/uploads\/2016\/04\/ruePaulFort16-700x300.jpg\" height=\"300\" width=\"700\" alt=\"\" class=\"slider-241 slide-31 msDefaultImage\" \/><\/li>\n                <li style=\"display: none; width: 100%;\" class=\"slide-30 ms-image \" aria-roledescription=\"slide\" data-date=\"2016-04-01 10:52:14\" data-filename=\"ruePaulFort15-700x300.jpg\" data-slide-type=\"image\"><img loading=\"lazy\" decoding=\"async\" src=\"http:\/\/www.19paulfort.com\/galerie\/wp-content\/uploads\/2016\/04\/ruePaulFort15-700x300.jpg\" height=\"300\" width=\"700\" alt=\"\" class=\"slider-241 slide-30 msDefaultImage\" \/><\/li>\n                <li style=\"display: none; width: 100%;\" class=\"slide-29 ms-image \" aria-roledescription=\"slide\" data-date=\"2016-04-01 10:52:11\" data-filename=\"ruePaulFort14-700x300.jpg\" data-slide-type=\"image\"><img loading=\"lazy\" decoding=\"async\" src=\"http:\/\/www.19paulfort.com\/galerie\/wp-content\/uploads\/2016\/04\/ruePaulFort14-700x300.jpg\" height=\"300\" width=\"700\" alt=\"\" class=\"slider-241 slide-29 msDefaultImage\" \/><\/li>\n                <li style=\"display: none; width: 100%;\" class=\"slide-28 ms-image \" aria-roledescription=\"slide\" data-date=\"2016-04-01 10:52:09\" data-filename=\"ruePaulFort13-700x300.jpg\" data-slide-type=\"image\"><img loading=\"lazy\" decoding=\"async\" src=\"http:\/\/www.19paulfort.com\/galerie\/wp-content\/uploads\/2016\/04\/ruePaulFort13-700x300.jpg\" height=\"300\" width=\"700\" alt=\"\" class=\"slider-241 slide-28 msDefaultImage\" \/><\/li>\n                <li style=\"display: none; width: 100%;\" class=\"slide-27 ms-image \" aria-roledescription=\"slide\" data-date=\"2016-04-01 10:52:06\" data-filename=\"ruePaulFort12-700x300.jpg\" data-slide-type=\"image\"><img loading=\"lazy\" decoding=\"async\" src=\"http:\/\/www.19paulfort.com\/galerie\/wp-content\/uploads\/2016\/04\/ruePaulFort12-700x300.jpg\" height=\"300\" width=\"700\" alt=\"\" class=\"slider-241 slide-27 msDefaultImage\" \/><\/li>\n                <li style=\"display: none; width: 100%;\" class=\"slide-26 ms-image \" aria-roledescription=\"slide\" data-date=\"2016-04-01 10:52:04\" data-filename=\"ruePaulFort11-700x300.jpg\" data-slide-type=\"image\"><img loading=\"lazy\" decoding=\"async\" src=\"http:\/\/www.19paulfort.com\/galerie\/wp-content\/uploads\/2016\/04\/ruePaulFort11-700x300.jpg\" height=\"300\" width=\"700\" alt=\"\" class=\"slider-241 slide-26 msDefaultImage\" \/><\/li>\n                <li style=\"display: none; width: 100%;\" class=\"slide-25 ms-image \" aria-roledescription=\"slide\" data-date=\"2016-04-01 10:52:02\" data-filename=\"ruePaulFort10-700x300.jpg\" data-slide-type=\"image\"><img loading=\"lazy\" decoding=\"async\" src=\"http:\/\/www.19paulfort.com\/galerie\/wp-content\/uploads\/2016\/04\/ruePaulFort10-700x300.jpg\" height=\"300\" width=\"700\" alt=\"\" class=\"slider-241 slide-25 msDefaultImage\" \/><\/li>\n                <li style=\"display: none; width: 100%;\" class=\"slide-24 ms-image \" aria-roledescription=\"slide\" data-date=\"2016-04-01 10:51:59\" data-filename=\"ruePaulFort9-700x300.jpg\" data-slide-type=\"image\"><img loading=\"lazy\" decoding=\"async\" src=\"http:\/\/www.19paulfort.com\/galerie\/wp-content\/uploads\/2016\/04\/ruePaulFort9-700x300.jpg\" height=\"300\" width=\"700\" alt=\"\" class=\"slider-241 slide-24 msDefaultImage\" \/><\/li>\n                <li style=\"display: none; width: 100%;\" class=\"slide-23 ms-image \" aria-roledescription=\"slide\" data-date=\"2016-04-01 10:51:56\" data-filename=\"ruePaulFort8-700x300.jpg\" data-slide-type=\"image\"><img loading=\"lazy\" decoding=\"async\" src=\"http:\/\/www.19paulfort.com\/galerie\/wp-content\/uploads\/2016\/04\/ruePaulFort8-700x300.jpg\" height=\"300\" width=\"700\" alt=\"\" class=\"slider-241 slide-23 msDefaultImage\" \/><\/li>\n                <li style=\"display: none; width: 100%;\" class=\"slide-22 ms-image \" aria-roledescription=\"slide\" data-date=\"2016-04-01 10:51:54\" data-filename=\"ruePaulFort7-700x300.jpg\" data-slide-type=\"image\"><img loading=\"lazy\" decoding=\"async\" src=\"http:\/\/www.19paulfort.com\/galerie\/wp-content\/uploads\/2016\/04\/ruePaulFort7-700x300.jpg\" height=\"300\" width=\"700\" alt=\"\" class=\"slider-241 slide-22 msDefaultImage\" \/><\/li>\n                <li style=\"display: none; width: 100%;\" class=\"slide-21 ms-image \" aria-roledescription=\"slide\" data-date=\"2016-04-01 10:51:51\" data-filename=\"ruePaulFort6-700x300.jpg\" data-slide-type=\"image\"><img loading=\"lazy\" decoding=\"async\" src=\"http:\/\/www.19paulfort.com\/galerie\/wp-content\/uploads\/2016\/04\/ruePaulFort6-700x300.jpg\" height=\"300\" width=\"700\" alt=\"\" class=\"slider-241 slide-21 msDefaultImage\" \/><\/li>\n                <li style=\"display: none; width: 100%;\" class=\"slide-20 ms-image \" aria-roledescription=\"slide\" data-date=\"2016-04-01 10:51:49\" data-filename=\"ruePaulFort5-700x300.jpg\" data-slide-type=\"image\"><img loading=\"lazy\" decoding=\"async\" src=\"http:\/\/www.19paulfort.com\/galerie\/wp-content\/uploads\/2016\/04\/ruePaulFort5-700x300.jpg\" height=\"300\" width=\"700\" alt=\"\" class=\"slider-241 slide-20 msDefaultImage\" \/><\/li>\n                <li style=\"display: none; width: 100%;\" class=\"slide-19 ms-image \" aria-roledescription=\"slide\" data-date=\"2016-04-01 10:51:47\" data-filename=\"ruePaulFort4-700x300.jpg\" data-slide-type=\"image\"><img loading=\"lazy\" decoding=\"async\" src=\"http:\/\/www.19paulfort.com\/galerie\/wp-content\/uploads\/2016\/04\/ruePaulFort4-700x300.jpg\" height=\"300\" width=\"700\" alt=\"\" class=\"slider-241 slide-19 msDefaultImage\" \/><\/li>\n                <li style=\"display: none; width: 100%;\" class=\"slide-18 ms-image \" aria-roledescription=\"slide\" data-date=\"2016-04-01 10:51:45\" data-filename=\"ruePaulFort3-700x300.jpg\" data-slide-type=\"image\"><img loading=\"lazy\" decoding=\"async\" src=\"http:\/\/www.19paulfort.com\/galerie\/wp-content\/uploads\/2016\/04\/ruePaulFort3-700x300.jpg\" height=\"300\" width=\"700\" alt=\"\" class=\"slider-241 slide-18 msDefaultImage\" \/><\/li>\n                <li style=\"display: none; width: 100%;\" class=\"slide-17 ms-image \" aria-roledescription=\"slide\" data-date=\"2016-04-01 10:51:43\" data-filename=\"ruePaulFort2-700x300.jpg\" data-slide-type=\"image\"><img loading=\"lazy\" decoding=\"async\" src=\"http:\/\/www.19paulfort.com\/galerie\/wp-content\/uploads\/2016\/04\/ruePaulFort2-700x300.jpg\" height=\"300\" width=\"700\" alt=\"\" class=\"slider-241 slide-17 msDefaultImage\" \/><\/li>\n                <li style=\"display: none; width: 100%;\" class=\"slide-16 ms-image \" aria-roledescription=\"slide\" data-date=\"2016-04-01 10:51:40\" data-filename=\"ruePaulFort1-700x300.jpg\" data-slide-type=\"image\"><img loading=\"lazy\" decoding=\"async\" src=\"http:\/\/www.19paulfort.com\/galerie\/wp-content\/uploads\/2016\/04\/ruePaulFort1-700x300.jpg\" height=\"300\" width=\"700\" alt=\"\" class=\"slider-241 slide-16 msDefaultImage\" \/><\/li>\n            <\/ul>\n        <\/div>\n        \n    <\/div>\n<\/div><\/p>\n","protected":false},"excerpt":{"rendered":"<p>Vous ne trouvez pas la fiche ici ? Peut-\u00eatre n&rsquo;a-t-elle pas encore \u00e9t\u00e9 transf\u00e9r\u00e9e de l&rsquo;ancien site<\/p>\n","protected":false},"author":1,"featured_media":0,"parent":0,"menu_order":0,"comment_status":"closed","ping_status":"closed","template":"","meta":{"footnotes":""},"class_list":["post-364","page","type-page","status-publish","hentry"],"_links":{"self":[{"href":"http:\/\/www.19paulfort.com\/galerie\/index.php\/wp-json\/wp\/v2\/pages\/364","targetHints":{"allow":["GET"]}}],"collection":[{"href":"http:\/\/www.19paulfort.com\/galerie\/index.php\/wp-json\/wp\/v2\/pages"}],"about":[{"href":"http:\/\/www.19paulfort.com\/galerie\/index.php\/wp-json\/wp\/v2\/types\/page"}],"author":[{"embeddable":true,"href":"http:\/\/www.19paulfort.com\/galerie\/index.php\/wp-json\/wp\/v2\/users\/1"}],"replies":[{"embeddable":true,"href":"http:\/\/www.19paulfort.com\/galerie\/index.php\/wp-json\/wp\/v2\/comments?post=364"}],"version-history":[{"count":3,"href":"http:\/\/www.19paulfort.com\/galerie\/index.php\/wp-json\/wp\/v2\/pages\/364\/revisions"}],"predecessor-version":[{"id":617,"href":"http:\/\/www.19paulfort.com\/galerie\/index.php\/wp-json\/wp\/v2\/pages\/364\/revisions\/617"}],"wp:attachment":[{"href":"http:\/\/www.19paulfort.com\/galerie\/index.php\/wp-json\/wp\/v2\/media?parent=364"}],"curies":[{"name":"wp","href":"https:\/\/api.w.org\/{rel}","templated":true}]}}

Événements 2011

<p><ul class="lcp_catlist" id="lcp_instance_0"><li><a href="http://www.19paulfort.com/galerie/index.php/2016/04/02/exposition-terre-et-racine-avril-2011/">03 &#8211; 29 mars / 12 avril &#8211; avril Exposition &#8211; « Terre et racine » &#8211;</a></li><li><a href="http://www.19paulfort.com/galerie/index.php/2016/05/25/exposition-paris-new-york-avr-mai-2011/">04 &#8211; 01 avril / 31 mai &#8211; Exposition &#8211; « Paris-New York » &#8211;</a></li><li><a href="http://www.19paulfort.com/galerie/index.php/2016/05/25/concert-t-m-fabrice-dalis-et-damien-lehman-avr-2011/">04 &#8211; 04 avril &#8211; Concert &#8211; T &#038; M , Fabrice Dalis et Damien Lehman •</a></li><li><a href="http://www.19paulfort.com/galerie/index.php/2016/05/24/theatre-etienne-fague-andy-et-moi-dans-le-cadre-de-lexposition-paris-new-york/">05 &#8211; 15 mai &#8211; Théâtre &#8211; Étienne Fague : « Andy et moi », pour l&rsquo;exposition « Paris &#8211; New-York »</a></li><li><a href="http://www.19paulfort.com/galerie/index.php/2016/05/24/theatre-iliade-ch-24-dominique-proust/">06 &#8211; 11 / 25 juin &#8211; Théâtre &#8211; Iliade ch. 24, Dominique Proust &#8211;</a></li><li><a href="http://www.19paulfort.com/galerie/index.php/2016/05/25/film-ulysse-a-dublin-de-charlotte-szlovak/">06 &#8211; 19 juin &#8211; Audiovisuel &#8211; Film « Ulysse à Dublin » de Charlotte Szlovak</a></li><li><a href="http://www.19paulfort.com/galerie/index.php/2016/05/25/concert-tm-2-kalina-georgieva-et-ivan-ludlow-baryton-juin-2011/">06 &#8211; 26 juin &#8211; Concert &#8211; T&#038;M (2), Kalina Georgieva et Ivan Ludlow &#8211;</a></li><li><a href="http://www.19paulfort.com/galerie/index.php/2016/05/25/exposition-galerie-en-residence-galerie-sator-juin-juil-2011/">06 &#8211; 29 juin / 12 juillet &#8211; Exposition &#8211; « Galerie en résidence : Galerie Sator » &#8211;</a></li><li><a href="http://www.19paulfort.com/galerie/index.php/2016/06/01/exposition-galerie-en-residence-galerie-sator-29-juin-12-juillet-2011/">06 &#8211; 29 juin / 12 juillet &#8211; Exposition &#8211; « Galerie en résidence: Galerie Sator » &#8211;</a></li><li><a href="http://www.19paulfort.com/galerie/index.php/2016/05/25/concert-de-jeffrey-grice-sept-2011/">09 &#8211; 10 / 11 / 12 septembre &#8211; Concert &#8211; Jeffrey Grice &#8211;</a></li><li><a href="http://www.19paulfort.com/galerie/index.php/2016/05/25/concert-de-saori-furukawa-en-cloture-de-lexposition-autour-du-japon-1-13-oct-2011/">09 &#8211; 13 septembre &#8211; Concert &#8211; Saori Furukawa,  en clôture de l&rsquo;exposition Autour du Japon</a></li><li><a href="http://www.19paulfort.com/galerie/index.php/2016/05/25/concert-solo-de-joelle-leandre-spet-2011/">09 &#8211; 25 septembre &#8211; Concert  &#8211; Joëlle Léandre, solo &#8211;</a></li><li><a href="http://www.19paulfort.com/galerie/index.php/2016/05/25/exposition-autour-du-japon-1-sept-octobre-1011/">09 &#8211; 29 septembre / 13 octobre &#8211; Exposition &#8211; « Autour du Japon (1) » &#8211;</a></li><li><a href="http://www.19paulfort.com/galerie/index.php/2016/05/25/projection-du-film-et-si-de-serge-lalou-suivie-dun-debat/">10 &#8211; 16 octobre &#8211; Audiovisuel &#8211; Film « Et si » de Serge Lalou, suivi d&rsquo;un débat</a></li><li><a href="http://www.19paulfort.com/galerie/index.php/2016/05/25/concert-du-duo-leandre-newton-nov-1011/">11 &#8211; 19 novembre &#8211; Concert &#8211; Duo Léandre-Newton &#8211;</a></li></ul><br />
Vous ne trouvez pas la fiche ici ? Peut-être n&rsquo;a-t-elle pas encore été transférée de <a href="http://19paulfort.com/index.php?option=com_content&amp;view=article&amp;id=60&amp;Itemid=160&amp;lang=fr" target="_blank">l&rsquo;ancien site</p>
<p></a><div id="metaslider-id-241" style="max-width: 700px; margin: 0 auto;" class="ml-slider-3-108-0 metaslider metaslider-flex metaslider-241 ml-slider ms-theme-default nav-hidden" role="region" aria-label="Le Lieu" data-height="300" data-width="700">
    <div id="metaslider_container_241">
        <div id="metaslider_241" class="flexslider">
            <ul class='slides'>
                <li style="display: block; width: 100%;" class="slide-31 ms-image " aria-roledescription="slide" data-date="2016-04-01 10:52:16" data-filename="ruePaulFort16-700x300.jpg" data-slide-type="image"><img loading="lazy" decoding="async" src="http://www.19paulfort.com/galerie/wp-content/uploads/2016/04/ruePaulFort16-700x300.jpg" height="300" width="700" alt="" class="slider-241 slide-31 msDefaultImage" /></li>
                <li style="display: none; width: 100%;" class="slide-30 ms-image " aria-roledescription="slide" data-date="2016-04-01 10:52:14" data-filename="ruePaulFort15-700x300.jpg" data-slide-type="image"><img loading="lazy" decoding="async" src="http://www.19paulfort.com/galerie/wp-content/uploads/2016/04/ruePaulFort15-700x300.jpg" height="300" width="700" alt="" class="slider-241 slide-30 msDefaultImage" /></li>
                <li style="display: none; width: 100%;" class="slide-29 ms-image " aria-roledescription="slide" data-date="2016-04-01 10:52:11" data-filename="ruePaulFort14-700x300.jpg" data-slide-type="image"><img loading="lazy" decoding="async" src="http://www.19paulfort.com/galerie/wp-content/uploads/2016/04/ruePaulFort14-700x300.jpg" height="300" width="700" alt="" class="slider-241 slide-29 msDefaultImage" /></li>
                <li style="display: none; width: 100%;" class="slide-28 ms-image " aria-roledescription="slide" data-date="2016-04-01 10:52:09" data-filename="ruePaulFort13-700x300.jpg" data-slide-type="image"><img loading="lazy" decoding="async" src="http://www.19paulfort.com/galerie/wp-content/uploads/2016/04/ruePaulFort13-700x300.jpg" height="300" width="700" alt="" class="slider-241 slide-28 msDefaultImage" /></li>
                <li style="display: none; width: 100%;" class="slide-27 ms-image " aria-roledescription="slide" data-date="2016-04-01 10:52:06" data-filename="ruePaulFort12-700x300.jpg" data-slide-type="image"><img loading="lazy" decoding="async" src="http://www.19paulfort.com/galerie/wp-content/uploads/2016/04/ruePaulFort12-700x300.jpg" height="300" width="700" alt="" class="slider-241 slide-27 msDefaultImage" /></li>
                <li style="display: none; width: 100%;" class="slide-26 ms-image " aria-roledescription="slide" data-date="2016-04-01 10:52:04" data-filename="ruePaulFort11-700x300.jpg" data-slide-type="image"><img loading="lazy" decoding="async" src="http://www.19paulfort.com/galerie/wp-content/uploads/2016/04/ruePaulFort11-700x300.jpg" height="300" width="700" alt="" class="slider-241 slide-26 msDefaultImage" /></li>
                <li style="display: none; width: 100%;" class="slide-25 ms-image " aria-roledescription="slide" data-date="2016-04-01 10:52:02" data-filename="ruePaulFort10-700x300.jpg" data-slide-type="image"><img loading="lazy" decoding="async" src="http://www.19paulfort.com/galerie/wp-content/uploads/2016/04/ruePaulFort10-700x300.jpg" height="300" width="700" alt="" class="slider-241 slide-25 msDefaultImage" /></li>
                <li style="display: none; width: 100%;" class="slide-24 ms-image " aria-roledescription="slide" data-date="2016-04-01 10:51:59" data-filename="ruePaulFort9-700x300.jpg" data-slide-type="image"><img loading="lazy" decoding="async" src="http://www.19paulfort.com/galerie/wp-content/uploads/2016/04/ruePaulFort9-700x300.jpg" height="300" width="700" alt="" class="slider-241 slide-24 msDefaultImage" /></li>
                <li style="display: none; width: 100%;" class="slide-23 ms-image " aria-roledescription="slide" data-date="2016-04-01 10:51:56" data-filename="ruePaulFort8-700x300.jpg" data-slide-type="image"><img loading="lazy" decoding="async" src="http://www.19paulfort.com/galerie/wp-content/uploads/2016/04/ruePaulFort8-700x300.jpg" height="300" width="700" alt="" class="slider-241 slide-23 msDefaultImage" /></li>
                <li style="display: none; width: 100%;" class="slide-22 ms-image " aria-roledescription="slide" data-date="2016-04-01 10:51:54" data-filename="ruePaulFort7-700x300.jpg" data-slide-type="image"><img loading="lazy" decoding="async" src="http://www.19paulfort.com/galerie/wp-content/uploads/2016/04/ruePaulFort7-700x300.jpg" height="300" width="700" alt="" class="slider-241 slide-22 msDefaultImage" /></li>
                <li style="display: none; width: 100%;" class="slide-21 ms-image " aria-roledescription="slide" data-date="2016-04-01 10:51:51" data-filename="ruePaulFort6-700x300.jpg" data-slide-type="image"><img loading="lazy" decoding="async" src="http://www.19paulfort.com/galerie/wp-content/uploads/2016/04/ruePaulFort6-700x300.jpg" height="300" width="700" alt="" class="slider-241 slide-21 msDefaultImage" /></li>
                <li style="display: none; width: 100%;" class="slide-20 ms-image " aria-roledescription="slide" data-date="2016-04-01 10:51:49" data-filename="ruePaulFort5-700x300.jpg" data-slide-type="image"><img loading="lazy" decoding="async" src="http://www.19paulfort.com/galerie/wp-content/uploads/2016/04/ruePaulFort5-700x300.jpg" height="300" width="700" alt="" class="slider-241 slide-20 msDefaultImage" /></li>
                <li style="display: none; width: 100%;" class="slide-19 ms-image " aria-roledescription="slide" data-date="2016-04-01 10:51:47" data-filename="ruePaulFort4-700x300.jpg" data-slide-type="image"><img loading="lazy" decoding="async" src="http://www.19paulfort.com/galerie/wp-content/uploads/2016/04/ruePaulFort4-700x300.jpg" height="300" width="700" alt="" class="slider-241 slide-19 msDefaultImage" /></li>
                <li style="display: none; width: 100%;" class="slide-18 ms-image " aria-roledescription="slide" data-date="2016-04-01 10:51:45" data-filename="ruePaulFort3-700x300.jpg" data-slide-type="image"><img loading="lazy" decoding="async" src="http://www.19paulfort.com/galerie/wp-content/uploads/2016/04/ruePaulFort3-700x300.jpg" height="300" width="700" alt="" class="slider-241 slide-18 msDefaultImage" /></li>
                <li style="display: none; width: 100%;" class="slide-17 ms-image " aria-roledescription="slide" data-date="2016-04-01 10:51:43" data-filename="ruePaulFort2-700x300.jpg" data-slide-type="image"><img loading="lazy" decoding="async" src="http://www.19paulfort.com/galerie/wp-content/uploads/2016/04/ruePaulFort2-700x300.jpg" height="300" width="700" alt="" class="slider-241 slide-17 msDefaultImage" /></li>
                <li style="display: none; width: 100%;" class="slide-16 ms-image " aria-roledescription="slide" data-date="2016-04-01 10:51:40" data-filename="ruePaulFort1-700x300.jpg" data-slide-type="image"><img loading="lazy" decoding="async" src="http://www.19paulfort.com/galerie/wp-content/uploads/2016/04/ruePaulFort1-700x300.jpg" height="300" width="700" alt="" class="slider-241 slide-16 msDefaultImage" /></li>
            </ul>
        </div>
        
    </div>
</div></p>

<p>Vous ne trouvez pas la fiche ici ? Peut-être n&rsquo;a-t-elle pas encore été transférée de l&rsquo;ancien site</p>
