{"id":7093,"date":"2019-02-10T15:56:26","date_gmt":"2019-02-10T14:56:26","guid":{"rendered":"http:\/\/www.19paulfort.com\/galerie\/?page_id=7093"},"modified":"2019-02-10T15:56:26","modified_gmt":"2019-02-10T14:56:26","slug":"evenements-2019","status":"publish","type":"page","link":"http:\/\/www.19paulfort.com\/galerie\/index.php\/evenements-2019\/","title":{"rendered":"\u00c9v\u00e9nements 2019"},"content":{"rendered":"<p><ul class=\"lcp_catlist\" id=\"lcp_instance_0\"><li><a href=\"http:\/\/www.19paulfort.com\/galerie\/index.php\/2018\/12\/20\/projection-concert-simha-suivi-dune-demonstration-de-polyrythmies-du-mali-et-dun-concert-de-musiques-dafrique-de-louest-7-janvier-2019\/\">01 &#8211; 07 janvier &#8211; Proj.-concert &#8211; \u00ab\u00a0Simha\u00a0\u00bb, + polyrythmies du Mali et concert de musiques d&rsquo;Afrique de l&rsquo;Ouest &#8211;<\/a><\/li><li><a href=\"http:\/\/www.19paulfort.com\/galerie\/index.php\/2018\/12\/22\/exposition-tradition-persistante-richard-batterham-florence-bost-fatima-leveque-10-au-27-janvier-2019\/\">01 &#8211; 10 \/ 27 janvier &#8211; Expo &#8211; \u00ab\u00a0Tradition persistante\u00a0\u00bb, R. Batterham, Fl. Bost, F. L\u00e9v\u00eaque, G. Uf\u00e9ras &#8211;<\/a><\/li><li><a href=\"http:\/\/www.19paulfort.com\/galerie\/index.php\/2019\/01\/12\/concert-duo-continuum-j-m-larche-saxophone-y-rousseau-cxontrebasse-21-janvier-2019\/\">01 &#8211; 21 janvier 2019 &#8211; Concert &#8211; Duo Continuum, J-M Larch\u00e9 (saxophone), Y. Rousseau (contrebasse) &#8211;<\/a><\/li><li><a href=\"http:\/\/www.19paulfort.com\/galerie\/index.php\/2019\/01\/23\/concert-de-sumer-a-la-grece-antique-poemes-et-musique-r-safar-et-a-soulez-27-janvier-2019\/\">01 &#8211; 27 janvier &#8211; Concert &#8211; \u00ab\u00a0De Sumer \u00e0 la Gr\u00e8ce antique, po\u00e8mes et musiques\u00a0\u00bb &#8211; R. Safar et A. Soulez &#8211;<\/a><\/li><li><a href=\"http:\/\/www.19paulfort.com\/galerie\/index.php\/2019\/01\/28\/exposition-sous-leurs-protections-4-au-24-fevrier-2019\/\">02 &#8211; 04 \/ 24 f\u00e9vrier &#8211; Exposition &#8211; \u00ab\u00a0Sous leurs protections\u00a0\u00bb<\/a><\/li><li><a href=\"http:\/\/www.19paulfort.com\/galerie\/index.php\/2019\/02\/01\/concert-zvi-plesser-violoncelle-david-saliamonas-piano-8-fevrier-2019\/\">02 &#8211; 08 f\u00e9vrier &#8211; Concert &#8211; Zvi Plesser (violoncelle), David Saliamonas (piano) &#8211;<\/a><\/li><li><a href=\"http:\/\/www.19paulfort.com\/galerie\/index.php\/2019\/02\/13\/theatre-trio-de-theatre-musical-danse-framed-28-fevrier-2019\/\">02 &#8211; 18 f\u00e9vrier &#8211; Th\u00e9\u00e2tre &#8211; Trio de th\u00e9\u00e2tre musical dans\u00e9 &#8211;\u00a0FRAMED &#8211;<\/a><\/li><li><a href=\"http:\/\/www.19paulfort.com\/galerie\/index.php\/2019\/03\/01\/exposition-un-voyage-aux-iles-lointaines-13-au-31-mars-2019\/\">03 &#8211; 13 mars \/ 31 mars &#8211; Exposition &#8211; \u00ab\u00a0Pacific Touch &#8211; Un voyage aux \u00eeles lointaines\u00a0\u00bb<\/a><\/li><li><a href=\"http:\/\/www.19paulfort.com\/galerie\/index.php\/2019\/03\/20\/concert-le-pianiste-jeffrey-grice-dans-le-cadre-de-lexposition-pacific-touch-28-mars-2019\/\">03 &#8211; 28 mars &#8211; Concert &#8211; Le pianiste Jeffrey Grice dans le cadre de l&rsquo;exposition \u00ab\u00a0Pacific touch\u00a0\u00bb<\/a><\/li><li><a href=\"http:\/\/www.19paulfort.com\/galerie\/index.php\/2019\/04\/21\/projection-200-motels-film-de-c-lecomte-et-p-beziat-7-mai-2019\/\">05 &#8211; 07 mai &#8211; Projection &#8211; 200 Motels &#8211; film de C. Lecomte et P. B\u00e9ziat<\/a><\/li><li><a href=\"http:\/\/www.19paulfort.com\/galerie\/index.php\/2019\/04\/27\/exposition-entre-eau-et-ciel-amsterdam-16-mai-au-9-juin-2019\/\">05 &#8211; 16 mai \/ 09 juin &#8211; Exposition &#8211; \u00ab Entre eau et ciel : Amsterdam \u00bb<\/a><\/li><li><a href=\"http:\/\/www.19paulfort.com\/galerie\/index.php\/2019\/05\/10\/concert-duo-han-bennink-batterie-joris-roelofs-saxophone-clarinette-24-mai-2019\/\">05 &#8211; 24 mai &#8211; Concert &#8211; Duo Han Bennink (batterie), Joris Roelofs (saxophone, clarinette)<\/a><\/li><li><a href=\"http:\/\/www.19paulfort.com\/galerie\/index.php\/2019\/05\/26\/concert-pieter-jan-belder-5-juin-2019\/\">06 &#8211; 05 juin &#8211; Concert &#8211; Pieter-Jan Belder<\/a><\/li><li><a href=\"http:\/\/www.19paulfort.com\/galerie\/index.php\/2019\/06\/05\/concert-suite-anabasis-dominique-pifarely-septet-11-juin-2019\/\">06 &#8211; 11 juin &#8211; Concert &#8211; \u00ab\u00a0Suite : Anabasis\u00a0\u00bb &#8211; Dominique Pifarely Septet<\/a><\/li><li><a href=\"http:\/\/www.19paulfort.com\/galerie\/index.php\/2019\/06\/11\/concert-lensemble-sesame-et-la-musique-de-chambre-de-maurice-ravel-22-juin-2019\/\">06 &#8211; 22 juin &#8211; Concert &#8211; L&rsquo;ensemble S\u00e9same et la musique de chambre de Maurice Ravel<\/a><\/li><li><a href=\"http:\/\/www.19paulfort.com\/galerie\/index.php\/2019\/09\/07\/exposition-en-quete-de-linsaisissable-25-septembre-20-octobre-2019\/\">09 &#8211; 25 septembre  \/ 20 octobre &#8211; Exposition &#8211; \u00ab\u00a0En qu\u00eate de l&rsquo;insaisissable\u00a0\u00bb<\/a><\/li><li><a href=\"http:\/\/www.19paulfort.com\/galerie\/index.php\/2019\/09\/23\/concert-trio-salzedo-hommage-au-compositeur-ton-that-tiet-1er-octobre-2019\/\">10 &#8211; 01 octobre &#8211; Concert &#8211; Trio Salzedo, Hommage au compositeur T\u00f4n-Th\u00e2t-Ti\u00eat &#8211;<\/a><\/li><li><a href=\"http:\/\/www.19paulfort.com\/galerie\/index.php\/2019\/10\/09\/concert-michael-attias-sax-benoit-delbecq-piano-14-octobre-2019\/\">10 &#8211; 14 octobre  &#8211; Concert &#8211; Micha\u00ebl Attias (sax.), Beno\u00eet Delbecq (piano) &#8211;<\/a><\/li><li><a href=\"http:\/\/www.19paulfort.com\/galerie\/index.php\/2019\/10\/21\/exposition-le-temps-des-moissons-du-29-octobre-au-16-novembre-2019\/\">10 &#8211; 29 octobre \/ 16 novembre &#8211; Exposition &#8211; \u00ab\u00a0Le temps des moissons\u00a0\u00bb &#8211;<\/a><\/li><li><a href=\"http:\/\/www.19paulfort.com\/galerie\/index.php\/2019\/10\/20\/concert-dana-ciocarlie-piano-michael-bolabroda-violoncelle-8-novembre-2019\/\">11 &#8211; 08 novembre &#8211; Concert &#8211; Dana Ciocarlie (piano), Micha\u00ebl Bolabroda (violoncelle) &#8211;<\/a><\/li><li><a href=\"http:\/\/www.19paulfort.com\/galerie\/index.php\/2019\/10\/16\/concert-duo-helene-breschand-harpe-electrique-voix-carol-robinson-clarinette-electronique-voix-9-nov-2019\/\">11 &#8211; 09 novembre &#8211; Concert &#8211; Duo H. Breschand (harpe \u00e9lec. &#8211; voix) ; C. Robinson (clarinette &#8211; \u00e9lec. &#8211; voix)<\/a><\/li><li><a href=\"http:\/\/www.19paulfort.com\/galerie\/index.php\/2019\/10\/20\/concert-trio-ducret-guitare-payen-sax-rainey-batterie-11-novembre-2019\/\">11 &#8211; 11 novembre &#8211; Concert &#8211; Trio M. Ducret (guitare), S. Payen (sax), T. Rainey (batterie) &#8211;<\/a><\/li><li><a href=\"http:\/\/www.19paulfort.com\/galerie\/index.php\/2019\/11\/13\/exposition-autour-du-japon-viii-du-25-nov-au-15-dec-2019\/\">11 &#8211; 25 novembre \/ 5 d\u00e9cembre &#8211; Exposition &#8211; Autour du Japon VIII<\/a><\/li><li><a href=\"http:\/\/www.19paulfort.com\/galerie\/index.php\/2019\/11\/13\/spectacle-musical-claude-debussy-regard-de-femmes-30-nov-2019\/\">11 &#8211; 30 novembre &#8211; Spectacle musical &#8211; Claude Debussy &#8211; Regard de femmes<\/a><\/li><li><a href=\"http:\/\/www.19paulfort.com\/galerie\/index.php\/2019\/11\/30\/concert-conference-debat-pierre-favre-batteriepercussions-samuel-blasertrombone-franck-medioni-journaliste-ecrivain-christian-ducasse-photographe-8-dec-2019\/\">12 &#8211; 08 d\u00e9cembre &#8211; Concert, conf\u00e9rence, d\u00e9bat &#8211; Pierre Favre (batterie, percussions), Samuel Blaser (trombone), Franck M\u00e9dioni (journaliste, \u00e9crivain), Christian Ducasse (photographe) &#8211;<\/a><\/li><\/ul><br \/>\n<div id=\"metaslider-id-241\" style=\"max-width: 700px; margin: 0 auto;\" class=\"ml-slider-3-108-0 metaslider metaslider-flex metaslider-241 ml-slider ms-theme-default nav-hidden\" role=\"region\" aria-label=\"Le Lieu\" data-height=\"300\" data-width=\"700\">\n    <div id=\"metaslider_container_241\">\n        <div id=\"metaslider_241\" class=\"flexslider\">\n            <ul class='slides'>\n                <li style=\"display: block; width: 100%;\" class=\"slide-31 ms-image \" aria-roledescription=\"slide\" data-date=\"2016-04-01 10:52:16\" data-filename=\"ruePaulFort16-700x300.jpg\" data-slide-type=\"image\"><img loading=\"lazy\" decoding=\"async\" src=\"http:\/\/www.19paulfort.com\/galerie\/wp-content\/uploads\/2016\/04\/ruePaulFort16-700x300.jpg\" height=\"300\" width=\"700\" alt=\"\" class=\"slider-241 slide-31 msDefaultImage\" \/><\/li>\n                <li style=\"display: none; width: 100%;\" class=\"slide-30 ms-image \" aria-roledescription=\"slide\" data-date=\"2016-04-01 10:52:14\" data-filename=\"ruePaulFort15-700x300.jpg\" data-slide-type=\"image\"><img loading=\"lazy\" decoding=\"async\" src=\"http:\/\/www.19paulfort.com\/galerie\/wp-content\/uploads\/2016\/04\/ruePaulFort15-700x300.jpg\" height=\"300\" width=\"700\" alt=\"\" class=\"slider-241 slide-30 msDefaultImage\" \/><\/li>\n                <li style=\"display: none; width: 100%;\" class=\"slide-29 ms-image \" aria-roledescription=\"slide\" data-date=\"2016-04-01 10:52:11\" data-filename=\"ruePaulFort14-700x300.jpg\" data-slide-type=\"image\"><img loading=\"lazy\" decoding=\"async\" src=\"http:\/\/www.19paulfort.com\/galerie\/wp-content\/uploads\/2016\/04\/ruePaulFort14-700x300.jpg\" height=\"300\" width=\"700\" alt=\"\" class=\"slider-241 slide-29 msDefaultImage\" \/><\/li>\n                <li style=\"display: none; width: 100%;\" class=\"slide-28 ms-image \" aria-roledescription=\"slide\" data-date=\"2016-04-01 10:52:09\" data-filename=\"ruePaulFort13-700x300.jpg\" data-slide-type=\"image\"><img loading=\"lazy\" decoding=\"async\" src=\"http:\/\/www.19paulfort.com\/galerie\/wp-content\/uploads\/2016\/04\/ruePaulFort13-700x300.jpg\" height=\"300\" width=\"700\" alt=\"\" class=\"slider-241 slide-28 msDefaultImage\" \/><\/li>\n                <li style=\"display: none; width: 100%;\" class=\"slide-27 ms-image \" aria-roledescription=\"slide\" data-date=\"2016-04-01 10:52:06\" data-filename=\"ruePaulFort12-700x300.jpg\" data-slide-type=\"image\"><img loading=\"lazy\" decoding=\"async\" src=\"http:\/\/www.19paulfort.com\/galerie\/wp-content\/uploads\/2016\/04\/ruePaulFort12-700x300.jpg\" height=\"300\" width=\"700\" alt=\"\" class=\"slider-241 slide-27 msDefaultImage\" \/><\/li>\n                <li style=\"display: none; width: 100%;\" class=\"slide-26 ms-image \" aria-roledescription=\"slide\" data-date=\"2016-04-01 10:52:04\" data-filename=\"ruePaulFort11-700x300.jpg\" data-slide-type=\"image\"><img loading=\"lazy\" decoding=\"async\" src=\"http:\/\/www.19paulfort.com\/galerie\/wp-content\/uploads\/2016\/04\/ruePaulFort11-700x300.jpg\" height=\"300\" width=\"700\" alt=\"\" class=\"slider-241 slide-26 msDefaultImage\" \/><\/li>\n                <li style=\"display: none; width: 100%;\" class=\"slide-25 ms-image \" aria-roledescription=\"slide\" data-date=\"2016-04-01 10:52:02\" data-filename=\"ruePaulFort10-700x300.jpg\" data-slide-type=\"image\"><img loading=\"lazy\" decoding=\"async\" src=\"http:\/\/www.19paulfort.com\/galerie\/wp-content\/uploads\/2016\/04\/ruePaulFort10-700x300.jpg\" height=\"300\" width=\"700\" alt=\"\" class=\"slider-241 slide-25 msDefaultImage\" \/><\/li>\n                <li style=\"display: none; width: 100%;\" class=\"slide-24 ms-image \" aria-roledescription=\"slide\" data-date=\"2016-04-01 10:51:59\" data-filename=\"ruePaulFort9-700x300.jpg\" data-slide-type=\"image\"><img loading=\"lazy\" decoding=\"async\" src=\"http:\/\/www.19paulfort.com\/galerie\/wp-content\/uploads\/2016\/04\/ruePaulFort9-700x300.jpg\" height=\"300\" width=\"700\" alt=\"\" class=\"slider-241 slide-24 msDefaultImage\" \/><\/li>\n                <li style=\"display: none; width: 100%;\" class=\"slide-23 ms-image \" aria-roledescription=\"slide\" data-date=\"2016-04-01 10:51:56\" data-filename=\"ruePaulFort8-700x300.jpg\" data-slide-type=\"image\"><img loading=\"lazy\" decoding=\"async\" src=\"http:\/\/www.19paulfort.com\/galerie\/wp-content\/uploads\/2016\/04\/ruePaulFort8-700x300.jpg\" height=\"300\" width=\"700\" alt=\"\" class=\"slider-241 slide-23 msDefaultImage\" \/><\/li>\n                <li style=\"display: none; width: 100%;\" class=\"slide-22 ms-image \" aria-roledescription=\"slide\" data-date=\"2016-04-01 10:51:54\" data-filename=\"ruePaulFort7-700x300.jpg\" data-slide-type=\"image\"><img loading=\"lazy\" decoding=\"async\" src=\"http:\/\/www.19paulfort.com\/galerie\/wp-content\/uploads\/2016\/04\/ruePaulFort7-700x300.jpg\" height=\"300\" width=\"700\" alt=\"\" class=\"slider-241 slide-22 msDefaultImage\" \/><\/li>\n                <li style=\"display: none; width: 100%;\" class=\"slide-21 ms-image \" aria-roledescription=\"slide\" data-date=\"2016-04-01 10:51:51\" data-filename=\"ruePaulFort6-700x300.jpg\" data-slide-type=\"image\"><img loading=\"lazy\" decoding=\"async\" src=\"http:\/\/www.19paulfort.com\/galerie\/wp-content\/uploads\/2016\/04\/ruePaulFort6-700x300.jpg\" height=\"300\" width=\"700\" alt=\"\" class=\"slider-241 slide-21 msDefaultImage\" \/><\/li>\n                <li style=\"display: none; width: 100%;\" class=\"slide-20 ms-image \" aria-roledescription=\"slide\" data-date=\"2016-04-01 10:51:49\" data-filename=\"ruePaulFort5-700x300.jpg\" data-slide-type=\"image\"><img loading=\"lazy\" decoding=\"async\" src=\"http:\/\/www.19paulfort.com\/galerie\/wp-content\/uploads\/2016\/04\/ruePaulFort5-700x300.jpg\" height=\"300\" width=\"700\" alt=\"\" class=\"slider-241 slide-20 msDefaultImage\" \/><\/li>\n                <li style=\"display: none; width: 100%;\" class=\"slide-19 ms-image \" aria-roledescription=\"slide\" data-date=\"2016-04-01 10:51:47\" data-filename=\"ruePaulFort4-700x300.jpg\" data-slide-type=\"image\"><img loading=\"lazy\" decoding=\"async\" src=\"http:\/\/www.19paulfort.com\/galerie\/wp-content\/uploads\/2016\/04\/ruePaulFort4-700x300.jpg\" height=\"300\" width=\"700\" alt=\"\" class=\"slider-241 slide-19 msDefaultImage\" \/><\/li>\n                <li style=\"display: none; width: 100%;\" class=\"slide-18 ms-image \" aria-roledescription=\"slide\" data-date=\"2016-04-01 10:51:45\" data-filename=\"ruePaulFort3-700x300.jpg\" data-slide-type=\"image\"><img loading=\"lazy\" decoding=\"async\" src=\"http:\/\/www.19paulfort.com\/galerie\/wp-content\/uploads\/2016\/04\/ruePaulFort3-700x300.jpg\" height=\"300\" width=\"700\" alt=\"\" class=\"slider-241 slide-18 msDefaultImage\" \/><\/li>\n                <li style=\"display: none; width: 100%;\" class=\"slide-17 ms-image \" aria-roledescription=\"slide\" data-date=\"2016-04-01 10:51:43\" data-filename=\"ruePaulFort2-700x300.jpg\" data-slide-type=\"image\"><img loading=\"lazy\" decoding=\"async\" src=\"http:\/\/www.19paulfort.com\/galerie\/wp-content\/uploads\/2016\/04\/ruePaulFort2-700x300.jpg\" height=\"300\" width=\"700\" alt=\"\" class=\"slider-241 slide-17 msDefaultImage\" \/><\/li>\n                <li style=\"display: none; width: 100%;\" class=\"slide-16 ms-image \" aria-roledescription=\"slide\" data-date=\"2016-04-01 10:51:40\" data-filename=\"ruePaulFort1-700x300.jpg\" data-slide-type=\"image\"><img loading=\"lazy\" decoding=\"async\" src=\"http:\/\/www.19paulfort.com\/galerie\/wp-content\/uploads\/2016\/04\/ruePaulFort1-700x300.jpg\" height=\"300\" width=\"700\" alt=\"\" class=\"slider-241 slide-16 msDefaultImage\" \/><\/li>\n            <\/ul>\n        <\/div>\n        \n    <\/div>\n<\/div><\/p>\n","protected":false},"excerpt":{"rendered":"","protected":false},"author":1,"featured_media":0,"parent":0,"menu_order":0,"comment_status":"closed","ping_status":"closed","template":"","meta":{"footnotes":""},"class_list":["post-7093","page","type-page","status-publish","hentry"],"_links":{"self":[{"href":"http:\/\/www.19paulfort.com\/galerie\/index.php\/wp-json\/wp\/v2\/pages\/7093","targetHints":{"allow":["GET"]}}],"collection":[{"href":"http:\/\/www.19paulfort.com\/galerie\/index.php\/wp-json\/wp\/v2\/pages"}],"about":[{"href":"http:\/\/www.19paulfort.com\/galerie\/index.php\/wp-json\/wp\/v2\/types\/page"}],"author":[{"embeddable":true,"href":"http:\/\/www.19paulfort.com\/galerie\/index.php\/wp-json\/wp\/v2\/users\/1"}],"replies":[{"embeddable":true,"href":"http:\/\/www.19paulfort.com\/galerie\/index.php\/wp-json\/wp\/v2\/comments?post=7093"}],"version-history":[{"count":1,"href":"http:\/\/www.19paulfort.com\/galerie\/index.php\/wp-json\/wp\/v2\/pages\/7093\/revisions"}],"predecessor-version":[{"id":7094,"href":"http:\/\/www.19paulfort.com\/galerie\/index.php\/wp-json\/wp\/v2\/pages\/7093\/revisions\/7094"}],"wp:attachment":[{"href":"http:\/\/www.19paulfort.com\/galerie\/index.php\/wp-json\/wp\/v2\/media?parent=7093"}],"curies":[{"name":"wp","href":"https:\/\/api.w.org\/{rel}","templated":true}]}}