{"id":9705,"date":"2021-12-19T10:32:41","date_gmt":"2021-12-19T09:32:41","guid":{"rendered":"http:\/\/www.19paulfort.com\/galerie\/?page_id=9705"},"modified":"2026-04-22T16:04:50","modified_gmt":"2026-04-22T15:04:50","slug":"evenements-en-cours-ou-a-venir","status":"publish","type":"page","link":"https:\/\/www.19paulfort.com\/galerie\/","title":{"rendered":"\u00c9v\u00e9nements en cours ou \u00e0 venir au 19 Paul Fort"},"content":{"rendered":"<p style=\"text-align: justify;\"><strong>Une rencontre, une id\u00e9e, un voyage\u2026 sont \u00e0 l\u2019origine des expositions-\u00e9v\u00e9nements. Le 19 Paul Fort est une sorte de maison galerie o\u00f9 les artistes qui participent \u00e0 une exposition, travaillent sur un th\u00e8me commun, ou alors, c\u2019est leur identit\u00e9 artistique qui permet de les associer. Les \u0153uvres d\u2019un photographe font \u00e9cho \u00e0 celles d\u2019un c\u00e9ramiste, ou s\u2019harmonisent avec les meubles, les luminaires pr\u00e9sent\u00e9s&#8230; Toutes les formes d\u2019expression artistique trouvent leur place dans ce lieu.<\/strong><br \/>\n<strong>Au 19PaulFort, nous restons fid\u00e8les aux artistes qui se sont d\u00e9j\u00e0 produits dans ce lieu, mais la programmation reste ouverte aux nouveaux talents.<\/strong><\/p>\n<hr \/>\n<h1 style=\"text-align: center;\"><strong>\u2014 prochain concert \u2014<br \/>\n<span style=\"color: #ff0000;\">Suite \u00e0 de graves probl\u00e8mes familiaux,<\/span><br \/>\n<\/strong><span style=\"color: #ff0000;\">Satoko Fujii a d\u00fb rentrer au Japon.<\/span><br \/>\n<span style=\"color: #ff0000;\">Le concert du groupe KAZE<\/span><br \/>\n<span style=\"color: #ff0000;\">du mercredi 29 avril est donc annul\u00e9<\/span><\/h1>\n<hr \/>\n<p>&nbsp;<\/p>\n","protected":false},"excerpt":{"rendered":"<p>Une rencontre, une id\u00e9e, un voyage\u2026 sont \u00e0 l\u2019origine des expositions-\u00e9v\u00e9nements. Le 19 Paul Fort est une sorte de maison galerie o\u00f9 les artistes qui participent \u00e0 une exposition, travaillent sur un th\u00e8me commun, ou alors, c\u2019est leur identit\u00e9 artistique qui permet de les associer. Les \u0153uvres d\u2019un photographe font \u00e9cho \u00e0 celles d\u2019un c\u00e9ramiste,&hellip;<a href=\"https:\/\/www.19paulfort.com\/galerie\/\" class=\"more-link\">Continue reading <span class=\"screen-reader-text\">\u00c9v\u00e9nements en cours ou \u00e0 venir au 19 Paul Fort<\/span><\/a><\/p>\n","protected":false},"author":1,"featured_media":0,"parent":0,"menu_order":0,"comment_status":"closed","ping_status":"closed","template":"","meta":{"footnotes":""},"class_list":["post-9705","page","type-page","status-publish","hentry"],"_links":{"self":[{"href":"https:\/\/www.19paulfort.com\/galerie\/index.php\/wp-json\/wp\/v2\/pages\/9705","targetHints":{"allow":["GET"]}}],"collection":[{"href":"https:\/\/www.19paulfort.com\/galerie\/index.php\/wp-json\/wp\/v2\/pages"}],"about":[{"href":"https:\/\/www.19paulfort.com\/galerie\/index.php\/wp-json\/wp\/v2\/types\/page"}],"author":[{"embeddable":true,"href":"https:\/\/www.19paulfort.com\/galerie\/index.php\/wp-json\/wp\/v2\/users\/1"}],"replies":[{"embeddable":true,"href":"https:\/\/www.19paulfort.com\/galerie\/index.php\/wp-json\/wp\/v2\/comments?post=9705"}],"version-history":[{"count":481,"href":"https:\/\/www.19paulfort.com\/galerie\/index.php\/wp-json\/wp\/v2\/pages\/9705\/revisions"}],"predecessor-version":[{"id":14385,"href":"https:\/\/www.19paulfort.com\/galerie\/index.php\/wp-json\/wp\/v2\/pages\/9705\/revisions\/14385"}],"wp:attachment":[{"href":"https:\/\/www.19paulfort.com\/galerie\/index.php\/wp-json\/wp\/v2\/media?parent=9705"}],"curies":[{"name":"wp","href":"https:\/\/api.w.org\/{rel}","templated":true}]}}